 25. Let b = a + q. Calculate the highest common factor of 24 and b.
12
Let p(v) = 6*v**2 - v + 1. Let b be p(1). Let n be (b/(-4) + 1)*-26. Let c(z) = -31*z - 2. Let d be c(-3). What is the highest common factor of d and n?
13
Let x(q) be the second derivative of q**4/12 + q**3/6 - 3*q**2/2 + 2*q. Let r be x(3). Calculate the greatest common factor of 45 and r.
9
Let u(i) = -i**3 + 3*i**2 - i. Let r be u(2). Suppose r*y + 80 = 3*y. Calculate the greatest common divisor of 10 and y.
10
Let h be 38/8 - (-2)/8. Suppose -u + h*j + 38 = 0, 3*j = 2*u - j - 70. Let t be u - 2*(-3)/(-6). Calculate the highest common divisor of 48 and t.
16
Suppose 5*y + 11*o - 15*o - 316 = 0, -3*y + 5*o + 200 = 0. What is the highest common factor of 45 and y?
15
Let j(b) = -2*b - 2. Let z be j(-9). Suppose -f + z = 3*f. Suppose f*p = -p + 120. Calculate the greatest common factor of p and 60.
12
Suppose 114 = -4*f + 2*f. Let q = -25 - f. What is the greatest common factor of q and 8?
8
Let r = 302 - 95. What is the greatest common divisor of 23 and r?
23
Let v(k) = 27*k**2 + k - 2. Let d be v(2). Calculate the highest common factor of d and 12.
12
Suppose 0 = -3*n - 2*w + 118, -2*n + 97 = 2*w + 3*w. Suppose -r = -4*r + n. Calculate the highest common factor of 12 and r.
12
Suppose -4*s = -3*h + 7*h - 472, 2*s = -4*h + 476. Calculate the highest common divisor of 24 and h.
24
Let n = -70 - -94. What is the highest common divisor of 2 and n?
2
Let b = -1 - -2. Let f(n) = 23*n**3 - n**2 - n + 1. Let o be f(b). Calculate the highest common divisor of 22 and o.
22
Let v(p) = -p**2 - 6*p + 4. Let d be v(-6). Suppose -4*o - w + 587 = 0, o + 0*w = d*w + 151. What is the greatest common factor of o and 21?
21
Let n(s) = 5*s + s**2 - 5 + 4 - s**2 + s**2. Let k be n(-5). Let r be -42*k/(3/6). What is the highest common factor of 12 and r?
12
Let p(h) = -h**2 - h + 1. Let s be p(-3). Let i(b) = b**3 + 5*b**2 + 2. Let f be i(s). What is the highest common divisor of f and 8?
2
Suppose -3*y + 3*z = -z - 10, 2*y + 3*z = -16. Let j be y*(-27)/12*10. Suppose -k + 2 = -3. What is the greatest common divisor of k and j?
5
Let t = -296 - -437. Let l = 277 - t. What is the greatest common factor of l and 17?
17
Let c(a) = 3*a**2 + a. Let m be c(-1). Suppose -4*o + 24 = m*f, -2*f + o + 115 = 3*f. Suppose 4*l = 18 + f. What is the highest common divisor of l and 2?
2
Suppose -6 = -5*q + 4*q + y, -2*q + 4*y + 18 = 0. Let d be (38/4)/((-4)/(-8)). Let v = 8 + d. What is the highest common factor of q and v?
3
Let t be 1*-2 - (-3)/3. Let x be 25 + -1 - t - 3. Calculate the highest common factor of x and 110.
22
Suppose 3*z + 13 = 4*z. What is the greatest common divisor of z and 52?
13
Let j be 199/5 - 3/(-15). Calculate the highest common divisor of 8 and j.
8
Suppose k = -3*l - 22, -3*l + l - 28 = 4*k. Let q = l - -9. Calculate the greatest common factor of q and 6.
3
Suppose -46 = 3*j + 5. Let s(x) = x**3 - 3*x**2 - 5*x - 1. Let l be s(4). Let r = l - j. What is the greatest common factor of 36 and r?
12
Let k = 7 + -6. Calculate the highest common factor of k and 2.
1
Let o be ((-45)/(-5) - 2) + 3 + -1. Let l be 28/5 - 6/(-15). What is the highest common factor of o and l?
3
Let r be (60/(-16))/((-12)/352). Let n be 8 - (-1 + 2 - -1). Suppose -5*s + 40 = 2*c, -4*c + 5*s + n + 14 = 0. Calculate the greatest common factor of r and c.
10
Suppose -80 = 3*f - 272. What is the highest common factor of f and 8?
8
Let t = 2 + 0. Let a(k) = -4*k - 6. Let l be a(-4). Calculate the highest common divisor of l and t.
2
Let l = 22 - -6. Calculate the greatest common divisor of l and 8.
4
Suppose 3*o - x = 130, 0 = 3*x - 4*x - 4. What is the greatest common factor of o and 147?
21
Suppose 0 = -4*i + 20, n - 4*i - 1 = -7. Let v = -88 - -149. Suppose -b + 215 = v. Calculate the greatest common factor of n and b.
14
Let m be (-178)/(-6) + 4/12. Let b be (-28 - 0)*4/8. Let r be 205/35 + (-2)/b. What is the highest common factor of r and m?
6
Let y(d) = -37*d + 1. Let k be y(1). Let i = k - -64. What is the greatest common divisor of i and 7?
7
Let w(o) = 29*o - 21. Let j be w(3). Let l = 104 + -60. What is the greatest common factor of l and j?
22
Let t = -7 + 49. Calculate the highest common divisor of 6 and t.
6
Suppose 3*q + 2 = 11. Suppose 30 = -s + q*s. Let i = 11 + -1. Calculate the greatest common divisor of i and s.
5
Let f be 6*-1*10/(-6). Let z be -1 - (-5)/(f/8). Suppose 14 = c - 0*c + 4*t, -z*c = t - 20. What is the highest common factor of 12 and c?
6
Let q = 6 - 10. Let b(u) = u**2 + 3*u + 1. Let s be b(q). Calculate the greatest common factor of 1 and s.
1
Let y(g) = -g**2 + 6*g - 6. Let f be y(4). Suppose 0 = -0*x + f*x + 870. Let i be x/(-21) + 4/14. Calculate the greatest common factor of 231 and i.
21
Let v(q) = 8*q**2 + q + 3. Let d = 3 - 6. Let r be v(d). Let y = -16 + 34. Calculate the greatest common factor of r and y.
18
Let n = 24 - 35. Suppose -2*t = d - 36, 2*d + d - 13 = -t. Let v = t - n. Calculate the highest common divisor of 10 and v.
10
Let o = 25 + -18. Let c(p) = p**3 + 10*p**2 + 6*p + 8. Let t be c(-9). What is the highest common factor of t and o?
7
Let q(l) be the first derivative of -l**2/2 + 3*l - 1. Let u be q(-6). Calculate the greatest common factor of u and 9.
9
Suppose v + 5*v - 36 = 0. Calculate the highest common factor of 33 and v.
3
Suppose -y + 30 = -4*i, 52 = 2*y - 4*i + 4. Let d(z) = -2*z - 3. Let o be d(-2). Suppose 0 = -h + o + 8. Calculate the highest common factor of y and h.
9
Let k be (-16 + 9)*18/(-7). What is the highest common divisor of 180 and k?
18
Suppose -4*y = -5*y + 12. Let q(r) = -r**2 + 14*r - 3. Let f be q(7). Let v = f - y. What is the highest common factor of 85 and v?
17
Suppose 0 = 9*a - 6*a + 312. Let l = -16 - a. Calculate the highest common divisor of 8 and l.
8
Let c be 3/(9/12) - -2. Suppose -3*h + 5*a = -164, 4*a = 3*h + 2*a - 152. Calculate the greatest common divisor of c and h.
6
Let y(p) = p**3 + 7*p**2 - 7*p + 9. Let j be y(-8). Let c be 35 - (-2)/(j - 2). What is the highest common factor of 11 and c?
11
Suppose 6 = -3*w + 18. Suppose 6*u = 3*u + 96. What is the greatest common factor of u and w?
4
Let h be 4/6 - 114/9. Let m = 37 + h. Let u(j) = -j. Let a be u(-5). What is the greatest common divisor of m and a?
5
Let c = -45 + 95. Suppose -3*m - 5*l + 25 = 0, 41 = 3*m + 3*l + 14. What is the greatest common factor of c and m?
10
Suppose c + 40 = 3*c. Suppose 2*i + 0*i = c. What is the highest common factor of i and 4?
2
Suppose 0*z = -3*t - 4*z + 76, -5*z - 20 = -2*t. What is the greatest common factor of 30 and t?
10
Let x = 10 - 7. Let n be 22/4 - x/6. Suppose 2*t + n*h = -16, -3*h - 26 = -3*t + 2*h. What is the greatest common divisor of 18 and t?
2
Let w(r) = 14*r - 12. Let k be w(6). What is the highest common factor of 9 and k?
9
Let z(w) = 40*w - 9. Let a(o) = 8*o - 2. Let q(k) = 11*a(k) - 2*z(k). Let r be q(5). What is the highest common divisor of r and 4?
4
Let a be -5*(2 - 9/3). Suppose 4*v + s = 17, -2*s - 32 = -4*v + 2*s. What is the highest common factor of v and a?
5
Suppose 12*o = 15*o - 48. What is the greatest common divisor of 4 and o?
4
Let r = -8 - -12. Suppose r*v + v + 110 = 5*u, 4*v = 0. What is the highest common factor of u and 11?
11
Suppose 10*f + f - 110 = 0. Let h(d) = -d**2 - d + 1. Let v be h(-2). Let i be -12*((-15)/(-2))/v. Calculate the greatest common factor of f and i.
10
Suppose -3*s - 4*z + 139 = -0*z, -39 = -s - 5*z. What is the highest common factor of 14 and s?
7
Suppose 4*c = -3*r - 6, r + 4 = -3*c - 3. Let q(o) = -o + o + 2*o**r. Let t be q(-1). Calculate the greatest common divisor of 2 and t.
2
Suppose 5*s + 123 = 3*a, 4*a - s - 99 - 48 = 0. Calculate the greatest common factor of 108 and a.
36
Let r be -5 + (9/3)/(-3). Let x be (2 + 1)/(r/(-8)). Calculate the highest common divisor of 16 and x.
4
Let w be (-2)/((-16)/50)*4. What is the highest common factor of w and 225?
25
Suppose -32 = -4*g - 4*k, -2*g + 6*g + 2*k - 40 = 0. What is the highest common factor of 12 and g?
12
Let p(z) = z**2 - 3*z + 6. Let v be p(5). Suppose 0 = 4*r - 1 - 7. Calculate the highest common divisor of v and r.
2
Let q be 93 - (-5 - -3 - 0). Suppose 5*k = -2*o - q, -4*k + 30 = 2*o + 104. Le